 210 = o. What is the tens digit of z?
4
Suppose -2*j + f + 1736 = 0, j - 2*f = 565 + 300. What is the hundreds digit of j?
8
Let k(x) = -16 - 11*x - 54 + 21. What is the tens digit of k(-11)?
7
Suppose -15*m - 6 = -6. Suppose -6*v - v + 1435 = m. What is the tens digit of v?
0
Let r(p) = -p**2 - 13*p - 20. Let f be r(-11). What is the units digit of (-139)/(1 - (f + 0))?
9
Let z be 2 + (1920/5)/4. Suppose 9*o = 7*o + z. What is the units digit of o?
9
Suppose -k = -7 + 10. Let v(a) = -7*a + 3. Let z be v(k). Suppose 3*p - 72 = z. What is the tens digit of p?
3
Let h = 29 - 29. Suppose -2*b + 9 + 7 = h. What is the units digit of b?
8
Let h be 6 - (-3 + 7) - -1. Suppose 6 = 4*k - h*k. Suppose 12 + k = 3*a. What is the units digit of a?
6
Let n(j) = j - 2. Let h(s) = s - 3. Let z(g) = -5*h(g) + 6*n(g). Let x be 704/121 - (-8)/44. What is the units digit of z(x)?
9
Let u(q) = -12*q - 3. Let n be u(-1). Suppose g - n = 11. What is the tens digit of g?
2
Suppose -10*g = -8*g - 168. Let f = g + -38. What is the tens digit of f?
4
What is the thousands digit of (-1496)/55*(-4380)/24?
4
Let i be 282/12 + (-3)/(-2) + 2. Suppose 4*f = -2*g - i + 145, -2*f - 246 = -4*g. What is the units digit of g?
1
Suppose 5*q - 193 = 3*i, i = 4*q + 4*i - 149. Suppose q = 3*s - 10. What is the tens digit of s?
1
What is the tens digit of 4/(-6 + (-4928)/(-820))?
1
Let v = -4 + 7. Suppose 1 = -o, -r + v*o + o + 55 = 0. Suppose 3*z + y = r, 10 = 4*z + 5*y - 47. What is the units digit of z?
8
Suppose -9*z = -21*z + 21600. What is the thousands digit of z?
1
Suppose -12*z + 16*z - 16 = 0. Suppose -z*f = 2*f - 240. What is the units digit of f?
0
Let b(m) = -m**3 + 10*m**2 + 11*m + 14. Let f be 0 - 3 - -13 - -1. Let o be b(f). Suppose 4*g - 2*p = 38, -3*g = -2*g - 5*p - o. What is the units digit of g?
9
Suppose 16 = -i + 5*i. Suppose -5*j - 10 = -i*j. Let q = j - -14. What is the units digit of q?
4
What is the hundreds digit of (-208)/156 - (-12380)/6?
0
Let t = 132 - 128. Suppose 0 = -2*h + 2, 140 = m + m - t*h. What is the tens digit of m?
7
Let v be 2/9 + (-442)/(-117). Suppose -v*u - 114 = -5*u. Suppose -4*d = 5*f - 2*f - 193, 0 = -2*d + 2*f + u. What is the tens digit of d?
5
Let g(n) = -8*n - 8. Let q be g(-5). Suppose 5*h = 2*l + 64, -q = -5*h + 5*l + 23. What is the units digit of h?
4
Suppose -2*o = -25 + 19. Let l = o - -29. What is the tens digit of l?
3
Let m(l) = -l + 12. Let r be m(10). Suppose -52 = -2*a - j, -4*a + 2*j + 104 = -r*j. What is the units digit of a?
6
Let i(g) = -g**2 + 10*g + 10. Let c be i(11). What is the tens digit of (-14671)/(-102) - c/6?
4
Let n(p) = 0*p**3 - p**2 + 1 + 12*p**3 - 2 - 2*p + 4*p. What is the tens digit of n(1)?
1
Suppose -5*r + 18 = -2*r. Let f be -3 + (6 - r/(-3)). Suppose -f*l + 31 = 1. What is the units digit of l?
6
Suppose -30*l - 2855 = -35*l. What is the tens digit of l?
7
Let k = 1958 - -1107. What is the units digit of k?
5
Let l = 64 + -46. Suppose 4*c - 3*g + 35 = 0, -c - 6*g = -2*g - 15. Let m = l + c. What is the tens digit of m?
1
Suppose -85*d = -81*d. Suppose d = -8*m - 5*m + 2626. What is the units digit of m?
2
Let l be (-142)/((-10)/(3 + 2)). Let r = l - 18. What is the tens digit of r?
5
Let f = 6 - 4. Let b(h) = h + 5*h**2 + h**2 - 3 + h**3 - 3*h - h**f. What is the units digit of b(-5)?
7
Let f(l) be the second derivative of -3*l**3/2 - 9*l**2/2 - 6*l. What is the tens digit of f(-5)?
3
Let i(j) = -j + 12. Let g be i(8). Suppose g*n - 43 = -7. Suppose n*u = 11*u - 70. What is the units digit of u?
5
Suppose -4 + 19 = 3*h, -3030 = -4*b - 2*h. What is the hundreds digit of b?
7
Let l(g) = g**3 - 16*g**2 + 54*g + 23. What is the units digit of l(14)?
7
Suppose 0 = -23*b + 51015 + 4875. What is the tens digit of b?
3
Suppose -2*z + 25 = 3*z. Suppose -z*p = 4*q - 2, -4 = -0*p + p + 3*q. Suppose 5*t + 31 = p*k, -2*k + t + 0*t + 35 = 0. What is the units digit of k?
8
Let o = 1580 - 942. What is the tens digit of o?
3
Let b = 14 - 9. Suppose 0 = -c + n + 15, 83 = b*c + n + 2*n. What is the units digit of 12/c*(1 - -23)?
8
Suppose o = 15 - 46. Let m = o - -37. What is the units digit of m?
6
Suppose 0 = -g + 3*v + 3, v - 28 = -4*g - 3*v. Suppose 4*s - 12 = -5*x, -5*x + s + g = 3*s. Suppose x*u = u - 31. What is the units digit of u?
1
Let v(d) = d**3 - 6*d**2 + 2*d - 11. Let p be (-7)/(175/(-40))*(0 + 5). What is the hundreds digit of v(p)?
1
Let x(t) be the first derivative of t**2/2 - 6*t + 1. Let b = -303 - -313. What is the units digit of x(b)?
4
Let m(l) be the first derivative of 2*l**2 - 17*l + 8. Let g be m(5). What is the tens digit of (-1 - -3) + g*4?
1
Suppose -230 - 108 = -2*i. What is the tens digit of i?
6
Suppose 467*q - 4794 = 461*q. What is the hundreds digit of q?
7
Suppose -133 = -49*q + 30*q. What is the units digit of q?
7
Suppose 3*t + 3672 = 3*n, -2*t + 607 + 4313 = 4*n. What is the hundreds digit of n?
2
Suppose -2*j - b + 169 = 0, -253 = -3*j - 3*b + 2. What is the units digit of j/16 - (-2)/(-8)?
5
Let z be (-12)/5*65/(-26). What is the units digit of z/(-10) + 14476/110?
1
Suppose 84*z = 82*z + 3*u + 1081, -z = 3*u - 527. What is the tens digit of z?
3
Let n(w) = -w**3 + 12*w**2 + 4. Let q be n(12). Suppose -107 = -q*i + 49. What is the units digit of i?
9
Let f = 30 - 26. What is the units digit of -2 + (-5)/((-5)/f)?
2
Let s = 846 - -802. What is the hundreds digit of s?
6
Let d(g) = g**3 - 18*g**2 - 11*g - 33. Let b = -130 + 149. What is the units digit of d(b)?
9
Suppose -3*b - 2*b + 1620 = 0. Suppose 5*w - b = 2*w + 4*u, -572 = -5*w - 4*u. What is the hundreds digit of w?
1
Let x = 42 + -37. Suppose -3*p - 3*k = -x*p + 88, 0 = -p + 4*k + 54. What is the units digit of p?
8
Let d(t) be the second derivative of t**4/12 - 2*t**3/3 + 13*t**2/2 + 3*t. What is the tens digit of d(6)?
2
Suppose -2*f = -5*b + 29, b - 3 + 28 = -4*f. Let p(j) = -j**3 - 6*j**2 + 6*j - 3. Let d be p(f). Suppose v + 123 = d*v. What is the units digit of v?
1
Let k(p) = -8*p + 4. Let f be 6/((-4 - -6) + -4). Let m be k(f). What is the tens digit of m*(-1 + (4 - 1))?
5
Let r = 215 + -17. Let k = -132 + r. What is the tens digit of k?
6
Let z(t) = t**3 + 1. Let m be z(-1). Let r be (m + (-3)/(-2))*-2. What is the units digit of 10 - (3 - (-6)/r)?
9
Let w(s) be the first derivative of -s**4/4 - s**3 + 3*s**2 + s + 9. Let j be w(-4). What is the units digit of (10 + 0)*j/(-14)?
5
Let g be 7/(21/(-6)) + -1. Let u = 5 + g. Suppose u*k = 5*n - 50, -k = 4 + 1. What is the units digit of n?
8
Let j = 0 - -5. Suppose 4*v = -x - 1, -j*x - 7*v = -2*v - 10. Suppose 161 = 5*c - x*a, 0*c = 3*c - 5*a - 87. What is the tens digit of c?
3
Suppose 30*a = 29*a + 573. What is the units digit of a?
3
Let u(l) = -6*l - 3. Let x be u(-2). Suppose -x*q = 1087 - 3211. What is the hundreds digit of q?
2
Let k(z) = 19*z + 94. What is the hundreds digit of k(6)?
2
Suppose -1734*y = -1738*y + 2576. What is the tens digit of y?
4
Let p(a) = 17*a**2 - 2*a - 1. Let f(i) = -i**3 - 7*i**2 + 8*i + 10. Let g be f(-8). Let h = g + -11. What is the units digit of p(h)?
8
Let h = 7 - -1. Suppose 4*d = 3*w + h, 4*w - 10 = 2*d - 7*d. Suppose d*u + 140 = 7*u. What is the tens digit of u?
2
Let i = 80 - 58. What is the units digit of i/(3/3) - 2?
0
Let n(r) = r**2 + 4*r + 6. Let i be n(-11). Let q = i + 17. What is the hundreds digit of q?
1
Let n = -71 - -75. Suppose 2*q - n = 0, -5*z - 4*q - q + 935 = 0. What is the units digit of z?
5
Let p = 1 - 1. Let v be 266/10 - ((-60)/25)/6. Suppose 3*h = -p*h + v. What is the units digit of h?
9
Let m = 75 + -115. Let g = 61 + m. What is the units digit of g?
1
Suppose -t = g + 3*t - 24, -g + 2*t = 6. Let m be (-8)/(-3) + g/(-6). Suppose 9*h - m*h = 231. What is the tens digit of h?
3
Suppose -4*g + 11 = 3*z, 3*g + 5*z - z - 10 = 0. Let d be (-1)/((-4)/24*g). Suppose -2*s - d*s + 150 = 0. What is the tens digit of s?
3
Suppose -845*x + 835*x = -13870. What is the tens digit of x?
8
What is the hundreds digit of 40/(-6)*1365/(-70)?
1
Let t be ((-140)/6)/(-7)*117/5. Let i = t - -34. What is the tens digit of i?
1
Suppose -543*s = -546*s + 615. What is the units digit of s?
5
Suppose 4*n - 7108 = 5*i, 324 = n - 5*i - 1453. What is the thousands digit of n?
1
Suppose 2*a - 3*w - 21 = 0, 2*a = -3*a + 5*w